
18
Let f(o) = -33*o**2 + 57*o + 4. What is f(2)?
-14
Let k(h) = -h**3 + 10*h**2 + 8*h - 70. Calculate k(10).
10
Let w(o) = -102*o + 19173. What is w(188)?
-3
Let n(p) = p**3 - 50*p**2 + 631*p - 179. What is n(26)?
3
Let r(h) = -h**2 - 80*h - 569. Give r(-72).
7
Let r(t) = 658*t + 6577. Calculate r(-10).
-3
Let n(k) = k - 226. What is n(81)?
-145
Let a(t) = 8*t + 84. What is a(-11)?
-4
Let p(k) = -19*k + 48. Determine p(8).
-104
Let b(t) = 30*t**2 + 1859*t - 56. What is b(-62)?
6
Let y(w) = 10*w - 272. Calculate y(16).
-112
Let j(y) = -45*y + 2917. Calculate j(65).
-8
Let y(x) = 336*x**3 - 24*x**2 - 25*x - 2. Give y(-1).
-337
Let x(u) = -u**2 - 37*u - 377. Calculate x(-29).
-145
Let r(l) = l**3 + 10*l**2 + 58*l + 389. Give r(-9).
-52
Let s(o) = -3*o**3 - 2*o**2 - 58*o - 345. What is s(-6)?
579
Let d(u) = -u**3 + 18*u**2 - 3*u. Determine d(18).
-54
Let u(s) = 7*s**2 + 151*s - 90. Calculate u(-19).
-432
Let a(k) = -459*k + 57371. Calculate a(125).
-4
Let q(d) = -d**2 - 162*d + 3453. Determine q(-181).
14
Let x(c) = -16*c + 58. Calculate x(-4).
122
Let g(n) = 25*n**3 + 2*n**2 - 85*n + 83. Calculate g(1).
25
Let a(r) = r**2 - 38*r + 38. What is a(11)?
-259
Let s(r) = 2*r**2 - 136*r + 634. Give s(5).
4
Let h(n) = n**2 + 116*n + 2451. What is h(-28)?
-13
Let a(n) = 14*n - 171. What is a(9)?
-45
Let i(d) = 136*d + 1772. Determine i(-13).
4
Let n(w) = -8*w**2 + 4*w - 25. What is n(3)?
-85
Let i(w) = -40*w - 797. Give i(-20).
3
Let s(i) = 4*i**2 + 179*i + 526. Calculate s(-37).
-621
Let u(z) = -z**2 - 8*z + 12. Give u(-19).
-197
Let g(w) = 61*w - 2206. Determine g(54).
1088
Let p(q) = 23*q + 24. Calculate p(3).
93
Let c(g) = g**3 + 166*g**2 + 1542*g - 2802. Give c(-156).
6
Let i(x) = 6*x + 129. Give i(-23).
-9
Let t(a) = 2*a**2 - 1120*a + 24705. Give t(537).
3
Let j(n) = -3*n**2 - 84*n + 58. Give j(-29).
-29
Let k(d) = 32*d**2 - 4*d - 3. Give k(-1).
33
Let n(j) = j**3 - 34*j**2 + 292*j - 15. Determine n(17).
36
Let f(r) = 9*r + 77. Determine f(-9).
-4
Let l(r) = -5443*r + 16320. What is l(3)?
-9
Let v(u) = -52*u + 2. What is v(-2)?
106
Let t(d) = -1711*d - 8550. What is t(-5)?
5
Let z(x) = 3*x**2 + 213*x + 2113. Calculate z(-12).
-11
Let d(v) = -688*v + 2070. Calculate d(3).
6
Let j(i) = -i**2 + 15*i - 5. Determine j(9).
49
Let i(m) = -135*m - 6623. What is i(-49)?
-8
Let p(i) = 2087*i - 46. Calculate p(0).
-46
Let l(u) = -u**3 - 85*u**2 - 618*u - 154. Determine l(-77).
0
Let g(x) = 6*x**2 + 37*x + 19. Give g(-10).
249
Let a(o) = o**2 - 29*o - 297. Determine a(38).
45
Let z(h) = 2*h**2 - 276*h - 10097. Give z(-30).
-17
Let j(w) = w**2 - 20*w + 58. Determine j(19).
39
Let c(q) = -2*q**3 - 33*q**2 + 3*q - 237. Calculate c(-17).
1
Let u(y) = 47167*y + 141502. Calculate u(-3).
1
Let x(r) = -r**3 - 74*r**2 + 839*r - 12. What is x(-84)?
72
Let s(v) = v**3 - 26*v + 69. What is s(5)?
64
Let p(y) = -y**3 + 7*y**2 + 54*y + 61. What is p(12)?
-11
Let r(l) = l**3 - 66*l**2 - 676*l + 70. Give r(75).
-5
Let b(m) = 112*m + 10. What is b(-2)?
-214
Let k(h) = h**3 + 4*h**2 - 27*h + 9. Calculate k(-10).
-321
Let a(q) = 137*q + 400. Calculate a(-3).
-11
Let p(n) = -n**2 - 82*n - 601. Determine p(-8).
-9
Let o(r) = -2*r**3 - 18*r**2 - 17*r - 168. Calculate o(-9).
-15
Let a(n) = n**3 - 24*n**2 + 5*n - 108. Determine a(24).
12
Let h(v) = v**3 + 58*v**2 - 120*v - 90. Determine h(-60).
-90
Let j(p) = 756*p + 5293. Give j(-7).
1
Let s(j) = -j**3 + 14*j**2 + 19*j + 194. Give s(16).
-14
Let l(v) = v**3 + 11*v**2 - 620*v + 22. Give l(-31).
22
Let w(k) = -k**3 - 14*k**2 - 29*k + 12. Give w(-3).
0
Let y(u) = 466*u + 9814. Calculate y(-21).
28
Let v(z) = 737*z - 61907. What is v(84)?
1
Let r(y) = -y**2 - 34*y + 1521. Calculate r(26).
-39
Let l(o) = 6*o**2 + 125*o - 156. What is l(-22)?
-2
Let r(x) = -x**3 + 23*x**2 - 129*x + 36. Calculate r(14).
-6
Let m(u) = -450*u - 181800. Give m(-404).
0
Let w(d) = -18*d**2 + 256*d - 35. What is w(14)?
21
Let t(a) = -3*a**2 + 1082*a - 2164. Give t(2).
-12
Let i(g) = -102*g - 9. Give i(-1).
93
Let u(g) = -g**2 + 10*g - 23. What is u(20)?
-223
Let s(l) = -4*l**2 + 427*l - 7668. Calculate s(84).
-24
Let c(n) = -2*n**3 - 5*n**2 + 498*n + 71. Determine c(-17).
-14
Let o(d) = -37*d + 340. Determine o(8).
44
Let r(o) = -2918*o + 2917. Calculate r(1).
-1
Let x(h) = 2*h**3 - 18*h**2 - 3*h + 9. Determine x(9).
-18
Let d(j) = 2*j**3 - 12*j**2 - 57*j - 54. Determine d(-2).
-4
Let m(p) = -15*p + 588. Give m(53).
-207
Let d(s) = -s**3 + 12*s**2 - 25*s + 9. Give d(10).
-41
Let d(r) = -3*r**2 - 54*r + 8. Determine d(-18).
8
Let i(k) = 2997*k - 5996. What is i(2)?
-2
Let a(u) = -2*u**3 + 22*u**2 + 9*u - 94. Give a(11).
5
Let n(u) = -2*u**3 + 172*u**2 + 512*u + 1961. Calculate n(89).
3
Let u(c) = c**2 - 1356*c - 9537. Give u(-7).
4
Let p(a) = a**3 - 3*a**2 + 27*a + 922. Give p(-8).
2
Let b(i) = -15*i - 421. Determine b(-26).
-31
Let u(o) = -o**3 - 26*o**2 + 34*o + 883. Give u(-26).
-1
Let n(k) = k**2 + 65*k + 835. Calculate n(-47).
-11
Let u(z) = 37*z - 106. Determine u(13).
375
Let x(m) = 24*m - 106. Determine x(-29).
-802
Let f(z) = -z**3 - 21*z**2 + z - 63. Determine f(-21).
-84
Let b(w) = -47*w - 5437. Determine b(-116).
15
Let y(r) = -7*r + 310. What is y(45)?
-5
Let t(w) = 58*w + 18. Calculate t(5).
308
Let r(n) = 96*n - 1734. Determine r(18).
-6
Let z(a) = a**3 - 29*a**2 + 58*a + 68. Calculate z(26).
-452
Let p(h) = -h**3 + 21*h**2 - 32*h - 21. Calculate p(18).
375
Let h(i) = -77*i - 121. What is h(-3)?
110
Let p(z) = 26*z - 464. What is p(18)?
4
Let l(p) = 2*p**2 + 155*p + 955. Give l(-6).
97
Let y(x) = 2*x**2 - 47*x + 166. Determine y(16).
-74
Let b(v) = -19*v**2 - 65*v - 5. What is b(-2)?
49
Let v(s) = 2*s**2 - 48*s - 5. What is v(0)?
-5
Let f(o) = o**3 + 3*o**2 - 223*o - 1101. What is f(-5)?
-36
Let i(l) = 107*l + 2245. Determine i(-21).
-2
Let j(y) = 422*y + 2112. Determine j(-5).
2
Let w(n) = -n**3 + 5*n**2 - 4*n + 3. Determine w(3).
9
Let p(w) = w**2 - 2958*w + 52926. Give p(18).
6
Let j(c) = c**2 + 30*c + 292. Determine j(-19).
83
Let m(k) = k**3 - 36*k**2 - 39*k + 64. Give m(37).
-10
Let x(r) = -62*r + 304. Give x(4).
56
Let t(n) = -9*n - 842. What is t(-73)?
-185
Let c(v) = -5*v**3 - 64*v**2 + 14*v - 18. Determine c(-13).
-31
Let f(k) = 8*k + 459. Determine f(-66).
-69
Let t(q) = 18*q**2 - 336*q + 24. What is t(18)?
-192
Let c(o) = o**3 - 2*o**2 - 127*o - 4. Give c(-11).
-180
Let p(o) = 3*o + 458. Give p(-155).
-7
Let z(h) = -2367*h + 2439. What is z(1)?
72
Let h(z) = z**3 - 13*z**2 + 29*z + 67. Give h(6).
-11
Let p(a) = -29*a**2 - 58*a - 173. What is p(-3)?
-260
Let x(b) = 22*b - 558. Give x(38).
278
Let m(d) = -126*d**3 - 2*d**2 + 10*d. Calculate m(2).
-996
Let p(j) = -6*j**2 + 33*j + 29. What is p(-8)?
-619
Let m(u) = -11*u**2 + 454*u + 455. Give m(-1).
-10
Let b(a) = -12*a**3 + 289*a**2 + 269*a + 158. What is b(25)?
8
Let s(c) = -c**3 + 12*c**2 - 6*c - 40. Give s(8).
168
Let l(x) = -x**3 - 4*x**2 - 2*x + 7. Determine l(-5).
42
Let b(v) = -13*v - 239. Determine b(-26).
99
Let k(m) = 41*m - 843. Determine k(21).
18
Let r(o) = o**2 - 18*o + 29. Give r(15).
-16
Let g(h) = -4*h**2 - 410*h + 1251. Determine g(3).
-15
Let i(o) = -6*o**2 - 5*o - 1. Determine i(-1).
-2
Let c(b) = 9*b**2 - 29*b + 95. What is c(6)?
245
Let y(g) = 2031*g - 16240. Give y(8).
8
Let w(u) = 3*u**3 + 130*u**2 - 89*u - 49. Calculate w(-44).
-5
Let d(y) = -32*y - 193. What is d(-5)?
-33
Let u(p) = p**2 + 151*p + 1136. Determine u(-8).
-8
Let d(o) = o**3 + 62*o**2 + 673*o + 48. What is d(-48)?
0
Let p(h) = h**2 + 161*h - 22933. What is p(-252)?
-1
Let h(x) = -x**3 + 32*x**2 - 63*x + 82. Determine h(30).
-8
Let j(i) = -i**3 + 3*i**2 - 6*i + 51. Determine j(6).
-93
Let i(p) = 104*p - 563. What is i(7)?
165
Let w(z) = 40*z - 155. Give w(5).
45
Let w(p) = -p**2 + 99*p - 2224. Give w(63).
44
Let p(w) = -w**3 - 7*w**2 - 3*w + 12. What is p(-6)?
-6
Let x(u) = -133*u + 26. What is x(-4)?
558
Let j(l) = -610*l - 1226. Determine j(-2).
-6
Let s(i) = -6*i**3 - 4*i**2 - 12*i - 19. Give s(-2).
37
Let u(z) = 42*z + 295. Give u(-7).
1
Let c(s) = s**2 + 73*s + 1699. Calculate c(-47).
477
Let x(y) = -y**3 - 21*y**2 - 71*y - 56. Determine x(-17).
-5
Let b(v) = 2*v**2 - v - 25. Determine b(7).
66
Let j(k) = k**2 + 5*k + 39. Determine j(-7).
53
Let t(b) = -2*b**2 - 30*b + 134. Give t(-20).
-66